1)?
13
Let c be (2 - 0)/2 - -34. Let s = 49 - c. What is the remainder when s is divided by 3?
2
Suppose -3*c = -2*j + 10, c - 2*j + 1 + 5 = 0. Let k be c + 0 - (0 + 0). What is the remainder when ((-3)/k)/((-9)/(-12)) is divided by 1?
0
Let b(l) = 2*l**3 - 2*l**2 - 2*l. Let n be b(2). Suppose n*a - 3*w - 124 = 0, -4*w = 21 - 5. What is the remainder when a is divided by 10?
8
Let k = 108 - 107. Let a = -9 + 17. Let c = a + k. What is the remainder when 16 is divided by c?
7
Suppose 583 + 5 = 6*m. What is the remainder when m is divided by 25?
23
Suppose -3*r + r + 4 = -3*g, -4*g = 3*r - 23. Calculate the remainder when g + 2/(8/372) is divided by 24.
23
Let o(p) = -p + 6*p + p**2 - 5 + 4. Let z be o(-3). Calculate the remainder when (-1)/(-1) + (-3 - z) is divided by 2.
1
Calculate the remainder when 29 is divided by 1 + -5 + -3 + 17.
9
Let q = -42 + 85. Let j = 60 - q. Suppose -91 = -2*i + r, -4*r - 75 = -3*i + 49. Calculate the remainder when i is divided by j.
14
Let a = -11 - -16. Calculate the remainder when 6/(-27) + (-155)/(-9) is divided by a.
2
Suppose -4 - 5 = -3*m. Suppose 225 = m*c - 0*c. Calculate the remainder when c is divided by 19.
18
Let u be (6/(-10))/((-8)/40). Suppose -u*r + 40 = r. Calculate the remainder when 57 is divided by r.
7
Let l = 67 + -58. What is the remainder when 17 is divided by l?
8
Let f(u) = -u + u - 8 - u. Let q be f(-8). Suppose -3*g + 6 = -q*g. Calculate the remainder when 5 is divided by g.
1
Suppose -2*v - 3*t + 55 = -0*t, -3*v + 3*t + 75 = 0. Let c(m) = -33*m + 2. Calculate the remainder when c(-3) is divided by v.
23
Let j = -11 - -13. What is the remainder when 3 is divided by j?
1
Let o(h) = -3*h - 25. What is the remainder when 23 is divided by o(-11)?
7
What is the remainder when ((-352)/(-33) + (-2)/(-6))*3 is divided by 4?
1
Let v be 12*-4 + 3 + -2. Suppose 0 = 5*i + 3*f, -3*i - 5 = 2*i + 4*f. Let a = i - v. What is the remainder when a is divided by 17?
16
Let j = 75 - 33. What is the remainder when j is divided by 15?
12
Let u(i) = 3*i**2. Let z be u(1). Suppose 4*a = 5*m + 83, z = 3*a + m - 45. What is the remainder when a is divided by 10?
7
Suppose -3*x - 3*a - 6 = 0, 0 = -4*x + 6*a - 2*a + 24. What is the remainder when (9/3 + -1)/1 is divided by x?
0
Let m(i) = 2*i**2 + i - 3. Suppose -3*t + 1 = -473. Suppose 5*l - v = 2*v + t, 0 = 2*l + 2*v - 76. Calculate the remainder when l is divided by m(-3).
10
Let z be (12/(-30))/(1/(-5)). Suppose 0 = -2*y + 18 + z. Let x(s) = 18*s**3 - s**2 + s. What is the remainder when x(1) is divided by y?
8
Suppose 3*v = 2*i - 0*i + 65, -v - 2*i + 19 = 0. What is the remainder when v is divided by 8?
5
Let z be -3 - (-3 - (-2)/1). What is the remainder when 22 is divided by 13 + z/(-2 + 4)?
10
Let k(n) = -n - 5. Let t be k(-8). Let m(j) = j + 3. What is the remainder when m(t) is divided by 4?
2
Let n = 91 - -34. Suppose -5*s = -n + 365. What is the remainder when 0 + 1 - s/4 is divided by 7?
6
Let t = -17 - -35. What is the remainder when 52 is divided by t?
16
Suppose -15*o + 9*o + 258 = 0. Calculate the remainder when o is divided by 4.
3
Suppose b - 35 = 4*o - 9*o, -5*b + 219 = 3*o. Suppose 5*h = -0*h + b. What is the remainder when 26 is divided by h?
8
Suppose 2*z + z - 6 = 0. What is the remainder when (45 - -1)/(-1 + z) is divided by 12?
10
Suppose l + 2*y = -5, 6*y = 3*l + 2*y - 35. Suppose -30 = -5*c + l. Calculate the remainder when 2/(-5) + 201/15 is divided by c.
6
Let n(u) = u - 3. Let c be n(-5). Let z(t) = -3*t - 10. Let w(v) = v - 2. What is the remainder when z(c) is divided by w(7)?
4
Let c = -12 + 7. Let f = c + 8. Let p = f - -13. Calculate the remainder when p is divided by 9.
7
Suppose v = t - 31 - 6, -3*t = 5*v - 135. Suppose 3*q = 151 - t. What is the remainder when q is divided by 13?
11
Suppose 0 = d - 3*d + 4. Let t be (-2 + 3/2)*0. Suppose -2*y - u + 1 = t, 0 = -5*y - 0*y - 3*u. Calculate the remainder when y is divided by d.
1
Let o = -45 + 67. Calculate the remainder when o is divided by 5.
2
Let o = 12 - 4. Suppose 0 = -5*u + 2 + 8. Suppose -2*d + 4*d + 114 = 5*v, -d - u = 0. Calculate the remainder when v is divided by o.
6
Suppose -4*s = -3*s - 5. Suppose -4*a + 15 = -s. Calculate the remainder when 1/(14/(-16) - -1) is divided by a.
3
Let j(q) = q**2 - 4*q. Let r be j(5). Suppose 3*v + 2*t + 36 = r*v, -5*v + 84 = -2*t. What is the remainder when 46 is divided by v?
14
Let f(u) = -16*u + 12. Let c(r) = 4*r - 3. Let g(j) = -9*c(j) - 2*f(j). Calculate the remainder when g(-8) is divided by 9.
8
Let h = 87 - 39. What is the remainder when h is divided by 17?
14
Suppose 20 = h - 14. Calculate the remainder when h is divided by 9.
7
Let k(t) = t**2 + 8*t + 10. Calculate the remainder when k(-9) is divided by 5.
4
Suppose -i = 4*i - 10. Let l(x) = 3*x. Let z be l(i). Suppose z - 51 = -5*d. What is the remainder when d is divided by 5?
4
Suppose 0 = -2*r - 2*r + 68. Let p(m) = m**2 + 14*m - 24. What is the remainder when p(-18) is divided by r?
14
Let v = 31 - 21. Suppose -3*a - 3 = 0, 33 = -2*n - 2*a + 5*a. Let x = 47 + n. What is the remainder when x is divided by v?
9
Let o = 12 - 1. Suppose 3*u - 12 = u. Suppose -a = -5*n - u, 4*a + 3*n - 24 = 6*n. What is the remainder when o is divided by a?
5
Let s(m) = 4*m**3 + 2*m - 1. Let c be s(1). Let j = c + -2. Suppose g + j*g = 112. Calculate the remainder when g is divided by 15.
13
Let k = 97 + -63. Let n be 9/3 + 2/(-2). Suppose 2*t = -n*t + 48. What is the remainder when k is divided by t?
10
Suppose 0 = 2*w - 7*w - 20. Let y be (w/(-4))/(1/4). What is the remainder when 13 is divided by (10/y)/((-2)/(-4))?
3
Calculate the remainder when 96 is divided by (-3)/(-4) - 129/(-4).
30
Suppose -5*i + 0*i = -160. Suppose 4*d - i - 32 = 0. What is the remainder when (-2)/4 - (-61)/2 is divided by d?
14
Calculate the remainder when (404/12 - 3 - 3)*3 is divided by 14.
13
Suppose q + 2*q - 102 = 0. Let x = q + -18. Calculate the remainder when x is divided by 6.
4
Let s be 5/20 + 110/8. Calculate the remainder when 41 is divided by (7/(-14))/((-1)/s).
6
Let g = 3 - -4. Suppose -m + 5*m = 5*z + 25, m - 2*z = g. What is the remainder when 13 is divided by m?
3
Let u = 4 + 5. Let n = 39 + -15. What is the remainder when n is divided by u?
6
Let o(b) be the first derivative of b**2/2 + 7*b + 1. Calculate the remainder when 13 is divided by o(0).
6
Suppose -2*j + 78 = j. What is the remainder when j is divided by 10?
6
Suppose 0 = p - 2*p - 5*i + 46, -4*i + 42 = p. Let g(r) = -16*r - 2. What is the remainder when p is divided by g(-1)?
12
Let w be -2 + 1 + -1 - -34. Suppose -w = -5*t + 183. Suppose 0 = -v - 8*j + 3*j + 35, -4*v = -j - 56. Calculate the remainder when t is divided by v.
13
Suppose -2*b + 5 + 39 = 5*w, -5*b + 81 = -2*w. What is the remainder when 82 is divided by b?
14
Let l = 2 + 0. Suppose -2*a + 4*a - 9 = -r, 42 = 4*r + l*a. What is the remainder when 25 is divided by r - (-2)/(-2)*-2?
12
Suppose -2*x = -w + 4*w - 5, 4*x = 2*w + 2. What is the remainder when 7 is divided by 42/10 + w/(-5)?
3
Suppose -3*i + 36 = 4*m - m, i = 4*m - 68. Let x be 5/(1 + 16/(-18)). Calculate the remainder when m is divided by (-6)/5*x/(-6).
7
Let j = -5 - -9. Let k = 10 + -8. Calculate the remainder when j is divided by k.
0
Let w(v) = -v**3 + 6*v**2 - v + 3. Suppose 0 = 2*k - 1 - 9. Calculate the remainder when w(k) is divided by 12.
11
Suppose -4 = -2*x + 62. Calculate the remainder when x is divided by 18.
15
Let o(v) = -3*v - 9. Let c be o(-7). Let f = 20 + c. Suppose 0 = -5*n - d + 58, 26 + 5 = 2*n + 3*d. Calculate the remainder when f is divided by n.
10
Calculate the remainder when 38 is divided by (-4)/(-18)*93 - 16/24.
18
Let v(c) = c**3 - 5*c**2 + 6*c - 1. Suppose l - 10 = -r, r - 2*r - 2*l = -15. What is the remainder when v(r) is divided by 10?
9
Let a(v) = -16*v - 2. Let p be (9/(-6))/(2/(-4)). Let r(q) = 2*q**2 - 2*q + 4. What is the remainder when a(-2) is divided by r(p)?
14
Let a(u) = u**3 + 8*u**2 + u + 2. Let c be a(-8). Calculate the remainder when 11 is divided by c*2*1/(-2).
5
Let p(c) = -c + 3. Let q be p(0). Calculate the remainder when ((-3)/2)/(q/(-6)) is divided by (1/(-2))/(3/(-12)).
1
Let l(c) = c**2 + 27*c - 109. Calculate the remainder when l(-33) is divided b